-32
Let h(r) = -12*r**3 - 234*r**2 - 110*r + 44. Determine h(-19).
-32
Let j(a) = a**3 + 15*a**2 - 27*a - 16. Determine j(-17).
-135
Let s(u) = -10*u + 818. Give s(81).
8
Let w(c) = c**2 + 305*c + 17022. Determine w(-73).
86
Let b(k) = -251*k + 4262. Give b(17).
-5
Let r(w) = w**2 + 303*w - 3137. What is r(10)?
-7
Let s(q) = 45*q - 545. Determine s(12).
-5
Let c(q) = q**3 - 3*q**2 - 9*q - 1. Calculate c(0).
-1
Let q(r) = -r**3 - 14*r**2 + 167*r - 426. Determine q(4).
-46
Let m(c) = -c**2 + 32*c - 129. Calculate m(31).
-98
Let y(f) = 15*f**2 - 69*f + 189. What is y(3)?
117
Let f(y) = 7*y - 364. What is f(38)?
-98
Let h(k) = -5*k**2 + 105*k - 269. Determine h(18).
1
Let l(q) = -q**3 - 4*q**2 + 680*q + 2711. Determine l(-4).
-9
Let l(d) = -3*d**3 - 11*d**2 + 11*d + 28. Give l(-4).
0
Let y(x) = -158*x - 1415. Give y(-9).
7
Let s(y) = y**3 + 27*y**2 + 85*y + 225. Determine s(-24).
-87
Let f(n) = -n**2 + 5*n + 5. Determine f(-8).
-99
Let m(k) = 150*k - 1507. What is m(10)?
-7
Let f(o) = 2*o**3 - 71*o**2 + 18*o + 598. Determine f(35).
3
Let n(m) = 11741*m**2 - 82188*m + 11. Determine n(7).
4
Let v(c) = 31*c - 188. Determine v(-7).
-405
Let v(n) = -n**3 - 11*n**2 + 6*n - 47. What is v(-9)?
-263
Let d(q) = 4*q**2 - 125*q + 171. What is d(31)?
140
Let b(d) = d - 5. What is b(-27)?
-32
Let w(i) = -100*i + 2531. What is w(27)?
-169
Let h(r) = -r**3 + 13*r**2 - 31*r + 17. Calculate h(13).
-386
Let z(f) = 1000*f - 2781. Give z(3).
219
Let u(x) = x**2 - x - 9. What is u(15)?
201
Let c(r) = -r**2 - 43*r + 1481. Give c(23).
-37
Let w(z) = 573*z - 1749. What is w(3)?
-30
Let p(n) = 343*n + 95028. Determine p(-277).
17
Let a(n) = 7*n**3 - n**2 + 345*n + 345. Give a(-1).
-8
Let v(d) = 3*d**2 - 83*d - 4. Give v(30).
206
Let l(p) = p**3 + 10*p**2 + 6*p + 22. What is l(-6)?
130
Let r(d) = -115*d + 1044. What is r(9)?
9
Let u(q) = 45*q + 519. Calculate u(-10).
69
Let d(i) = -145*i - 787. What is d(-6)?
83
Let y(u) = -u**3 - 14*u**2 + 35*u + 64. What is y(-16)?
16
Let s(j) = 18*j + 219. Calculate s(-13).
-15
Let w(r) = 4*r**2 + r - 57. Determine w(7).
146
Let o(p) = -p**3 + 337*p**2 - 2299*p - 3637. Calculate o(330).
-7
Let v(o) = -269*o + 23668. Calculate v(88).
-4
Let u(h) = -2*h**3 - 101*h**2 - 53*h - 153. Give u(-50).
-3
Let n(l) = -l**3 - 16*l**2 - 15*l + 4. What is n(-15)?
4
Let s(i) = -3*i**2 - 119*i - 765. Calculate s(-7).
-79
Let z(n) = 2*n**2 - 6*n - 27. Give z(8).
53
Let m(i) = -332*i + 3656. Determine m(11).
4
Let l(m) = -3*m**2 + 27*m - 10. What is l(14)?
-220
Let k(g) = 49*g + 628. Determine k(-12).
40
Let f(j) = j**2 - 53*j + 319. Calculate f(7).
-3
Let i(d) = -40*d - 65. Calculate i(1).
-105
Let w(n) = -n**3 + 4*n**2 - 661*n + 3334. Give w(5).
4
Let k(u) = 3*u - 240. Calculate k(40).
-120
Let x(f) = f**2 - 143*f - 10897. Determine x(198).
-7
Let q(j) = j**2 - 4*j + 49. Determine q(11).
126
Let b(t) = 1039*t - 9353. What is b(9)?
-2
Let n(r) = r**3 - 34*r**2 + 168*r + 49. Determine n(29).
716
Let t(b) = 20*b**2 - 7*b - 11. Give t(-1).
16
Let u(r) = -44*r + 7. Determine u(-10).
447
Let r(z) = -16*z**3 + z**2 - 5*z + 8. Calculate r(2).
-126
Let y(g) = 2*g**2 + 31*g - 861. Calculate y(-31).
100
Let b(d) = 4837*d - 29024. Give b(6).
-2
Let m(s) = 2*s**3 + 35*s**2 + 130*s - 65. Determine m(-6).
-17
Let y(t) = 7*t**3 - t**2 + 18*t - 16. Give y(1).
8
Let l(n) = 14*n**2 - 139*n + 9. Give l(10).
19
Let a(l) = -l**3 - 90*l**2 + 184*l + 8. Calculate a(-92).
8
Let c(x) = -190*x + 590. What is c(3)?
20
Let n(l) = l**2 + 377*l + 20025. What is n(-64)?
-7
Let v(f) = 40*f + 65. Determine v(-2).
-15
Let z(y) = 6*y**2 - 42*y - 6. Calculate z(0).
-6
Let s(t) = -t**2 + 5*t + 267. What is s(-14)?
1
Let u(b) = b**3 + 7*b**2 - 35*b - 141. Give u(-6).
105
Let m(z) = 9*z**3 - 2130*z**2 - 709*z - 483. Give m(237).
-9
Let o(f) = -f**3 - 114*f**2 + 2*f + 230. Give o(-114).
2
Let r(q) = q**3 - 31*q**2 - 71*q - 78. Calculate r(33).
-243
Let o(u) = -10*u**2 - 543*u - 200. What is o(-54)?
-38
Let k(h) = -2*h**3 + 347*h**2 - 172*h - 179. Calculate k(173).
-6
Let l(p) = -p**2 + 237*p - 1601. Give l(7).
9
Let g(s) = -2004*s + 46117. Determine g(23).
25
Let t(i) = i**3 + 4*i**2 + 868*i + 3483. What is t(-4)?
11
Let x(d) = -d**3 - 52*d**2 + 51*d - 108. Calculate x(-53).
-2
Let k(u) = 27*u - 724. Give k(29).
59
Let f(p) = 74*p - 969. Determine f(13).
-7
Let j(s) = -18*s**2 - 1139*s + 8461. Give j(-70).
-9
Let b(g) = g - 81. Give b(8).
-73
Let u(k) = 9*k**2 - 36. What is u(2)?
0
Let q(l) = -l**3 + 20*l**2 - 35*l - 33. Calculate q(16).
431
Let j(n) = -n**3 - 20*n**2 - 113*n - 2. Give j(-6).
172
Let w(j) = j**3 - 41*j**2 - 49*j + 283. What is w(42)?
-11
Let q(v) = 46*v + 35. Calculate q(-2).
-57
Let f(q) = -97*q + 1045. Give f(10).
75
Let x(h) = 4*h**2 - 50*h - 36. Determine x(13).
-10
Let a(z) = 3*z**3 - 70*z**2 + 8*z + 13. Give a(23).
-332
Let t(l) = l**3 - 57*l**2 - 62*l + 186. Give t(58).
-46
Let j(b) = -b**3 - 6*b**2 + 3*b - 10. Determine j(-3).
-46
Let k(d) = 2*d**2 + 65*d - 210. Calculate k(-33).
-177
Let d(b) = -b**3 - 134*b**2 + 392*b - 2607. Determine d(-137).
-4
Let r(n) = -193*n - 7354. Determine r(-38).
-20
Let u(n) = -n**2 - 22*n + 79. Calculate u(6).
-89
Let y(g) = -9*g**2 - 371*g - 28. Determine y(-42).
-322
Let u(w) = -w**2 - 39*w + 276. Calculate u(15).
-534
Let l(m) = -2*m**3 - 3*m**2 + 75*m + 230. What is l(-4)?
10
Let o(m) = -2*m**3 - 193*m**2 - 2536*m - 2031. Calculate o(-81).
-6
Let s(j) = -162*j**2 - 9*j + 8. What is s(1)?
-163
Let x(s) = -3*s**3 - 4*s**2 + 9*s - 29. Calculate x(4).
-249
Let k(u) = -u**3 - 24*u**2 + 28*u - 45. Determine k(-26).
579
Let d(j) = -95*j + 964. Give d(9).
109
Let o(g) = 2*g**3 + 13*g**2 + 18*g - 10. Give o(-4).
-2
Let m(u) = -205*u + 404. Calculate m(2).
-6
Let n(m) = -6*m**3 - m**2 + 29*m - 27. What is n(1)?
-5
Let c(b) = -2228*b - 17826. Calculate c(-8).
-2
Let h(g) = -g**2 - 97*g + 626. Give h(6).
8
Let f(a) = -562*a - 3920. Give f(-7).
14
Let w(b) = 181*b - 2376. Give w(13).
-23
Let l(a) = -5*a**3 - 17*a**2 - 11*a - 13. Calculate l(-3).
2
Let s(n) = 3*n**3 - 125*n**2 - 43*n + 46. What is s(42)?
4
Let h(y) = 2*y**3 - 3*y**2 - 116*y - 169. Determine h(9).
2
Let c(i) = -3*i**2 - 340*i - 9642. Determine c(-55).
-17
Let n(a) = -a**2 + 49*a + 338. Determine n(-6).
8
Let j(f) = -61*f - 2328. Determine j(-37).
-71
Let o(j) = -j**3 - 2*j**2 + 32*j + 86. Give o(-5).
1
Let s(z) = 917*z + 37596. Determine s(-41).
-1
Let j(q) = q**2 + 193*q + 8585. Give j(-69).
29
Let n(w) = -3*w**2 - 60. Determine n(0).
-60
Let v(h) = 8*h - 38. Calculate v(5).
2
Let y(s) = s**3 + 7*s**2 - 35*s - 264. What is y(-7)?
-19
Let s(l) = -l**3 + 37*l**2 - 8*l + 5. What is s(0)?
5
Let i(v) = v**3 + 33*v**2 - 54*v + 167. Calculate i(-35).
-393
Let j(a) = 2*a**3 - 110*a**2 - 112*a + 2. Calculate j(56).
2
Let v(u) = 845*u - 14353. Calculate v(17).
12
Let z(o) = -o**3 - 2*o**2 + 10*o - 36. Give z(-5).
-11
Let f(z) = -3*z**3 + 210*z**2 + 5*z - 332. What is f(70)?
18
Let r(h) = h**3 + 79*h**2 - 141*h + 1716. Give r(-81).
15
Let q(a) = -a**2 - 51*a + 1504. Give q(-72).
-8
Let w(z) = z**3 + 42*z**2 + 387*z + 3. What is w(-14)?
73
Let a(p) = 2*p**2 - 1561*p - 12620. What is a(-8)?
-4
Let x(l) = -2*l**3 + 316*l**2 + 1301*l + 15. Calculate x(-4).
-5
Let o(w) = -2*w**3 - 29*w**2 + 39*w + 332. Give o(-14).
-410
Let q(p) = -2964*p + 59264. What is q(20)?
-16
Let w(d) = 8*d**2 + 57*d - 2064. Give w(-20).
-4
Let g(u) = 19*u - 797. Calculate g(42).
1
Let g(a) = 108*a - 9387. What is g(86)?
-99
Let i(l) = -l**3 - 164*l**2 - 373*l - 7980. What is i(-162)?
-42
Let y(l) = -96*l - 8780. What is y(-91)?
-44
Let z(c) = -c**3 + 2*c**2 + 99*c + 3. Calculate z(-9).
3
Let h(v) = -2*v**2 + 57*v - 329. What is h(8)?
-1
Let o(q) = -14*q**3 + 15*q**2 - q + 2. Give o(3).
-244
Let l(d) = 3*d - 317. Determine l(10).
-287
Let k(q) = 2*q**3 + 17*q**2 - 4*q + 16. Determine k(-9).
-29
Let l(t) = -2*t**2 - 42*t - 88. Give l(-2).
-12
Let q(r) = -r**2 + 282*r + 847. What is q(-3)?
-8
Let l(g) = 158*g + 149. Determine l(1).
307
Let a(n) = 18*n - 28. What is a(-5)?
-118
Let c(n) = -2*n**2 - 36*n + 14. Give c(-9).
176
Let a(s) = 2*s**3 + 58*s**2 - 121*s + 126. Give a(-31).
33
Let u(p) = -748*p - 4481. Give u(-6).
7
Let i(n) = 4*n**2 + 36*n + 30. Calculate i(-8).
-2
Let r(o) = o + 26. Give r(-7).
19
Let y(f) = f**3 